 + 3*z + r. Is x a composite number?
False
Let f(b) = 76*b**3 + 2*b - 1. Suppose 2 = j, 2 = -4*m + 4*j - 2. Is f(m) a prime number?
False
Let m(b) = -b**3 + 9*b**2 + 9*b + 2. Is m(7) a composite number?
False
Is 191/3*(-20 - -23) a composite number?
False
Let w(q) = -36*q**3 + 3*q + 11. Is w(-2) a prime number?
True
Let z be 3/(111/(-36) - -3). Let n = 16 - 67. Let y = z - n. Is y a prime number?
False
Let q = -324 + 617. Is q a composite number?
False
Let u(g) = g**3 - 7*g**2 - 7*g - 3. Let p be u(8). Suppose 2*v + 1 = -p, -5*v - 86 = -j. Is j a prime number?
True
Let a(d) = 5*d**2 - 8*d - 10. Is a(-13) composite?
True
Suppose -5*q - 3*s = -2*s + 35, -3*q - s = 19. Is 4/q + 103/2 composite?
True
Let f = 4 - 3. Is -1 - f - (3 + -114) a prime number?
True
Let g(j) = 3 - 4 + 95*j**2 - 27*j**2 + 3*j + 97*j**2. Is g(1) a composite number?
False
Let c(s) = -2*s - 4. Let z be c(-4). Suppose -g - 4*g + z*q + 529 = 0, -5*g - 3*q = -557. Is g a prime number?
True
Let d be 0/2 + (7 - -3). Suppose -2*i - d - 16 = 0. Is 2/13 - 141/i composite?
False
Suppose 4*r = 3*b + 2*r - 67, 4*r + 96 = 4*b. Is b a prime number?
True
Let v(l) = -l + 5. Let d = 5 - 9. Is v(d) composite?
True
Let s(b) = 6*b + 1. Let k be s(1). Suppose -k - 2 = -3*i. Suppose 0 = i*w + 42 - 153. Is w composite?
False
Suppose -12169 = -3*f - 5*r, -f + 0*f + 4*r = -4079. Is f prime?
False
Suppose 3*i - 1815 = -2*i. Suppose -k - 2*k = -i. Is k a prime number?
False
Let v = 2555 + -1342. Is v a prime number?
True
Is 27/(-18) + (-765)/(-2) composite?
True
Is 4/26 + 10269/91 a composite number?
False
Suppose 2*o - 610 = -3*o. Is o a prime number?
False
Let p(k) = -1 + 2*k + 0*k - 2*k + k**2 - k. Is p(-3) a prime number?
True
Let f(z) be the first derivative of -z**4/4 + 5*z**3/3 - 3*z**2/2 + z + 2. Let h be f(5). Is (-1 - (-15)/(-6))*h a composite number?
True
Suppose -f - f = -8. Suppose 160 + 100 = f*d. Suppose -2*g + 2*k + d = 3*k, -g = -3*k - 36. Is g a prime number?
False
Let a be 1/(-3) - (-6)/(-9). Is 36 + (a - 1) + 1 prime?
False
Suppose 2*b = b + 70. Suppose 0*f = f - b. Suppose f = 2*o - 0*o. Is o composite?
True
Suppose d = -5*z + 4, 5*d + 0*d + 5*z = 40. Let t = 13 - d. Suppose -t*s = s - 115. Is s prime?
True
Let b = 8 + -4. Suppose 0 = -r + 3*j - 1, -j = -b*r + 6 + 1. Let i = 16 - r. Is i prime?
False
Let z be ((-1)/((-2)/(-76)))/1. Let k = z - -25. Let a = 12 - k. Is a a composite number?
True
Let d = 1098 - 587. Suppose 19 = -2*u - d. Let g = -186 - u. Is g prime?
True
Suppose 2*w + 3*q + 1187 = 3112, -3*q + 4790 = 5*w. Suppose -13*i = -8*i - w. Is i a prime number?
True
Let v = 511 + -92. Is v composite?
False
Suppose -2*t - 2*l = 3*l - 2391, -3603 = -3*t - 2*l. Suppose 5*s - 772 - t = 0. Is s prime?
False
Let a = -729 - -2372. Is a composite?
True
Let r(x) = 14*x - 39. Is r(7) a composite number?
False
Let n(d) = -d**2 + 3*d + 3. Let f be n(3). Suppose 0 = o - f*r - 108, -2*o + 3*r + 206 = -13. Is o a prime number?
False
Let v = -12 - -19. Let z be 2/7 - 170/v. Let y = -13 - z. Is y composite?
False
Suppose -5*z - 4*i + 60 = -i, -2*i - 26 = -4*z. Suppose 0*j = -3*j + z. Is ((1 - 2) + 12)*j a composite number?
True
Let f = 1592 - 1051. Is f prime?
True
Let x(w) be the third derivative of -w**4/3 + w**3/6 + 3*w**2. Is x(-6) prime?
False
Let g(d) = -d + 6. Let n be g(4). Is 90 + 0 + -3 + n prime?
True
Is (-20 + 607)*(2 + -1) a composite number?
False
Suppose -3*f + 10 = b - 78, 0 = 5*b + 5*f - 420. Let y be (674/(-6))/(3/(-9)). Suppose y = z - b. Is z a prime number?
True
Let z = -16 + 65. Let c = z + 136. Is c composite?
True
Let a = -588 - -1039. Is a prime?
False
Suppose -4*t + 5*t = 99. Suppose 4*d - d = t. Is d a prime number?
False
Suppose 0 = -206*t + 208*t - 5156. Is t prime?
False
Let r = 421 - 300. Is r prime?
False
Let y = -35 - -67. Let s = 154 - y. Is s prime?
False
Is 1 + (-4)/6*-333 prime?
True
Let i be (1/(-2))/((-4)/56). Suppose 0 = q - 2*o - 19, -8 = 3*o - i*o. Is q a prime number?
True
Let a(i) = -2*i**2 + 10. Let w(c) = -2*c**2 - c + 10. Let o(q) = 4*a(q) - 5*w(q). Let s be -1 + (-7)/1 - -1. Is o(s) a composite number?
False
Suppose -4*q = 5*d - 15, -3*d - 16 = -4*q + 7. Suppose -q*n = n - 942. Is n composite?
False
Suppose -p - 375 = h - 1024, -2*h = 4*p - 2586. Suppose u + p = 5*u. Is u prime?
False
Suppose -373 = -k - 4*y, 0*k - 5*k + 1882 = 3*y. Is k a prime number?
False
Let b be ((-144)/84)/((-2)/(-35)). Let y = -147 + 244. Let f = b + y. Is f a composite number?
False
Suppose 0 = -3*h + p - 3*p + 155, -3*p = 3*h - 153. Is h a prime number?
True
Is 1/(-6) + ((-17391)/(-18) - -1) a composite number?
False
Let g be 0/(-5*8/(-20)). Let y(m) = -m**2 + m + 145. Is y(g) a composite number?
True
Suppose 0 = -2*x + 5*r + 357 + 60, -4*x = 3*r - 847. Is x prime?
True
Suppose -h + 13 = 3*q, 14 = -0*h - 2*h + 4*q. Let k(a) = -3*a. Let c(t) = 1. Let n(y) = h*k(y) - 3*c(y). Is n(-3) composite?
True
Suppose -47 - 68 = -n. Is n composite?
True
Suppose -8*l = -7*l - 637. Suppose -3*j + 4*k + 629 = 0, 2*j - 2*k = -j + l. Is j a prime number?
False
Suppose 203 = 3*x - 2*c, 0 = -6*c + 4*c - 8. Is x composite?
True
Let x = 2 - 0. Suppose x*n + 5 = 3*n. Suppose n*y - 2*i - 15 - 396 = 0, 0 = 4*i - 8. Is y prime?
True
Let a(z) = z**3 - 14*z**2 - 7*z - 1. Let h be a(10). Let w = -233 - h. Let t = -75 + w. Is t a prime number?
True
Let w be (-2 - -3) + (-7 - 0). Let d(l) = l**3 + 9*l**2 + 6*l + 5. Is d(w) composite?
True
Let k be 14/(-8) + 3/(-12). Let i be 0 + -23 + 1*k. Let z = 12 - i. Is z composite?
False
Let p(r) = -4*r + 2*r + 4*r**2 - r**2 + r. Let m be p(1). Is m/10 + (-184)/(-5) composite?
False
Suppose 4*h - 493 = 1503. Is h a composite number?
False
Let f(p) = -p**3 + 6*p**2 - 4*p + 7. Let z = 4 + 0. Is f(z) prime?
True
Let v(j) = 7*j - 4. Let i be v(5). Suppose -4*o + 3*o + i = 0. Is o composite?
False
Is (-2)/3 - ((-10199)/21 - -4) prime?
False
Let t be 1*(0 + -2 - -56). Let m = -18 - -7. Let d = m + t. Is d a prime number?
True
Is -9 + 10 - (1 + -3) a composite number?
False
Is (-1511)/(-4) - 66/88 a composite number?
True
Suppose 0 = -b - 3*r + 506, 3*b + 0*r - 1558 = -r. Is b a prime number?
True
Is 426/8 + 5/(-20) composite?
False
Suppose 3*y + f = 1573, -2*y - f + 6*f = -1026. Suppose 0 = 5*g + 2*l - 895, y = 5*g + l - 367. Is g a composite number?
True
Suppose 31 = 5*q + x, -12 = 5*x + 8. Is q a prime number?
True
Suppose 1 = m - 2*m. Let k = m - 2. Let j = 42 + k. Is j a prime number?
False
Let t = -11 + 20. Suppose 3*v = -0 - t. Is (2/v)/(2/(-18)) a composite number?
True
Suppose -4*g - 1740 = -16*g. Is g prime?
False
Suppose -f + 2 = 0, -4*b + f - 2*f + 750 = 0. Is b composite?
True
Let x(y) = -3*y + 1. Let a be x(-1). Suppose a*b + 32 = -0*n - 4*n, b = 5*n - 2. Let f = b - -20. Is f a prime number?
True
Let j(r) = 4*r**2 - 6*r - 3. Let f(y) = -8*y**2 + 13*y + 6. Let o(p) = 6*f(p) + 13*j(p). Suppose 5*x - 4*x = -3. Is o(x) composite?
True
Let f(d) be the second derivative of -3*d**5/20 + d**4/4 + d**3/6 - d**2/2 - 3*d. Is f(-2) prime?
False
Suppose -3*g + 87 + 87 = 0. Is g prime?
False
Let b = -4 - -8. Suppose 9*l + 22 = t + 5*l, -b*t + 4*l + 28 = 0. Is 1/(-2)*(-48 + t) composite?
False
Is 14/(168/(-86) - -2) a prime number?
False
Is (5 - 639)*(-3)/6 a prime number?
True
Suppose -7*l + 11*l = 204. Suppose h = 3 - 2. Is l + 3 - h*-1 composite?
True
Let f(b) = b**3 - b**2 + 3. Let o be f(0). Is ((-118)/(-8))/(o/12) a composite number?
False
Suppose 4*y = y + 351. Is (-2)/3*y/(-2) a composite number?
True
Let j(f) = 66*f - 5. Is j(2) a composite number?
False
Suppose -3*g + 4*t + 3 = -1, g + t = -1. Suppose g = f - 4*f + 705. Is f a composite number?
True
Suppose 2*j = -10, 3*j - 23 = 4*z + 6*j. Suppose -c - 4 = 3*c. Is 1*(z + -17)*c prime?
True
Let u = -890 - -2103. Is u a prime number?
True
Let z = 558 + 2033. Is z a composite number?
False
Suppose s + s = 5*q - 42811, -3*q = -s - 25687. Is q composite?
False
Let n = 4332 + -2777. Is n a composite number?
True
Is (-2692)/(-10)*(-70)/(-28) prime?
True
Suppose -2*z + 0 + 12 = 4*t, -3*z - 5*t = -14. Let j be (-3)/z*16/(-6). Is 5/(-20) + (-17)/j prime?
False
Suppose 4*l - 11 = 9. Suppose -2*m + 2103 = l*v, -6*v = -v + 5*m - 2115. Is v composite?
False
Let i = 10 + -6. Suppose -i*z + 36 + 176 = 0. Is z a prime